se t = -0*t - 1. Let p = t + 2. Suppose 0 = r - 11 - p. List the prime factors of r.
2, 3
Let n(m) = 10*m**2 - 3*m + 8. List the prime factors of n(-4).
2, 3, 5
Let q be (2 - -2) + -2 + 4. Suppose -q = -3*s + 3*c - 0, 2*s - 6 = c. Suppose x = -s*p + 18, p + 2*x - 20 = -3*p. What are the prime factors of p?
2
What are the prime factors of (-3262)/(-17) - 10/(-85)?
2, 3
Suppose 2*j - 254 = -5*p - j, 4*p = -3*j + 202. List the prime factors of p.
2, 13
Let f(t) = t**3 + 2*t**2 + 1. Suppose -w + 6 = 8. Let p be f(w). Let h = p - -3. What are the prime factors of h?
2
Let w = 4 - -139. What are the prime factors of w?
11, 13
Let i = 17 + -12. Suppose w - z - 2*z - 23 = 0, 0 = i*w - 2*z - 154. List the prime factors of w.
2
Suppose -24 = 4*c - c. Suppose 3*l = -l - 8, -4*y + 5*l - 10 = 0. Let g = y - c. List the prime factors of g.
3
Let k(f) = f**2 + 3*f + 16. What are the prime factors of k(-13)?
2, 73
Suppose 19 = -5*y - 51. Let l = y + 42. List the prime factors of l.
2, 7
Let q(i) be the first derivative of 2*i**3/3 - i**2/2 - 2*i - 6. List the prime factors of q(-3).
19
Suppose -3*h + 129 = -366. What are the prime factors of h?
3, 5, 11
Let l(b) = -4 - 8*b + 20*b - 21*b**2 + b**3 + 10*b**2. What are the prime factors of l(10)?
2
Let j(f) = -2*f + 3. Let s(l) = -10*l + 14. Let r(z) = -28*j(z) + 6*s(z). Let n = -4 + 1. List the prime factors of r(n).
2, 3
Suppose 5*s + 2*l = 19, -l = -2*s - 4 + 8. Let n(q) = q**2 - 5*q - 4. Let f be n(6). List the prime factors of (s/9)/(f/78).
13
Let q = 5 + 5. Suppose -5*w + 0*w = -q. List the prime factors of 15 + (1 - (0 + w)).
2, 7
Let k(j) = 5*j**2 - 2 + j**2 - 1 + 2*j. Let i be k(2). Let z = i - 12. List the prime factors of z.
13
Let g(r) = -r**3 + 3*r**2 + 2. Let l be ((-3)/(-9))/((-2)/(-18)). Let h be g(l). Suppose -3*i - h*x = -x - 21, 25 = 2*i - 3*x. List the prime factors of i.
2
Let y = -292 + 184. Let i = y + 154. Let l = i + -31. What are the prime factors of l?
3, 5
Let w(c) = c**3 + 11*c**2 - 13*c - 12. Let o be w(-12). Let z = 6 + -3. Let n = z - o. List the prime factors of n.
3
Suppose 2*k - 2*m + 382 = 0, -538 = 3*k - 0*m + 4*m. What are the prime factors of k/(-14) + (-4)/14?
13
Let s(i) = 4*i - 10. Let v(w) = -2*w + 5. Let g(r) = -3*s(r) - 5*v(r). List the prime factors of g(-13).
31
Let l(w) = w**3 - 4*w**2 + 2*w - 6. Suppose 0 = -5*p + p + 16. What are the prime factors of l(p)?
2
Let f(q) be the first derivative of q**3/3 - 2*q**2 + 3*q - 3. Let l(n) = -n**2 + 5. Let j be l(0). List the prime factors of f(j).
2
Suppose -2*a = 3*m - 439, 0 = -4*a + 2*a + 2*m + 424. List the prime factors of a.
5, 43
Suppose 4*p = 15 + 45. Suppose -r - 1 = 4*j - 6, 0 = j + 3*r - p. Suppose m + 13 - 34 = j. What are the prime factors of m?
3, 7
Let q(s) = 6*s - 18. What are the prime factors of q(10)?
2, 3, 7
Let p = 69 + 9. List the prime factors of p.
2, 3, 13
Let z = -7 - -5. Let a be (-12)/z - (0 + 1). Suppose 4 = -4*i + 3*c, -a*i = -i - 4*c + 8. List the prime factors of i.
2
Let n(a) = a**3 + 8*a**2 + 6*a - 3. Let y be n(-7). Let s = 16 - y. What are the prime factors of s?
2, 3
Let u be 5/2*(-8)/(-10). Let k(r) = -r**2 + 10*r + 15. Let n be k(11). Suppose -4*o + 19 = -u*j - 63, 5*o - n*j - 107 = 0. What are the prime factors of o?
19
Suppose 0 = -0*g - 5*g. Suppose 4*n = 12, g*n = -5*r + n + 7. What are the prime factors of (-2)/6*(-31 - r)?
11
Suppose -3 + 23 = 2*h. What are the prime factors of 8/((-12)/(-3)) + h?
2, 3
Let z = 1 + 57. List the prime factors of z.
2, 29
Suppose 0 = -3*z - 2*z - 20. Let l(x) = x**3 + 6*x**2 + 4*x - 1. What are the prime factors of l(z)?
3, 5
Let h(k) = 2*k - 7. Let y be h(6). Suppose w - 15 = -3*v + 21, 5*v = -y*w + 60. What are the prime factors of v?
2, 3
Suppose 4*y + 94 + 142 = 0. Let c = -16 - y. List the prime factors of c.
43
Let x(t) be the first derivative of -t**3/3 + 9*t**2/2 + 6*t + 2. List the prime factors of x(8).
2, 7
Let y(a) = -4*a - 5. Let w = -1 + 7. Suppose 10 = -4*n - w. List the prime factors of y(n).
11
Let f be (-5)/2*30/(-25). Suppose -o + 2*d = -f*o, -15 = 5*d. List the prime factors of o.
3
Let z = -7 - -15. What are the prime factors of (-21 + 0)/((-12)/z)?
2, 7
Let b be 1 + 3 + -1 + 2. Suppose -b*j = -2*j - 15. List the prime factors of j.
5
Let g(c) be the third derivative of -c**4/12 - c**2. List the prime factors of g(-3).
2, 3
Suppose -u + 114 = -3*o, o - 381 = -4*u - 2*o. List the prime factors of u.
3, 11
Let l(h) = -h**2 - 2*h + 3. Let b be l(-3). Suppose b = 5*c - 26 - 14. Suppose -4*x + 12 = -c. What are the prime factors of x?
5
Let h = -135 + 153. What are the prime factors of h?
2, 3
Suppose 0 = -3*u - 4*n + 97, -5*n + 101 = u + 2*u. List the prime factors of u.
3
Let f(y) = -y**2 - 26*y + 7. What are the prime factors of f(-18)?
151
Let n(i) = 2*i - 7*i + 3*i - 6. What are the prime factors of n(-4)?
2
Suppose -2*j = -19 - 15. List the prime factors of j.
17
Suppose f + 4 - 15 = 0. List the prime factors of f.
11
Let m(p) = 3 - 1 - 4 + 5*p**2 - 2*p**2. What are the prime factors of m(-4)?
2, 23
Suppose -36 = -2*n + 22. List the prime factors of n.
29
Let h(j) = j**3 - 7*j**2 - 7*j - 6. Let f be h(8). Let c = 12 - f. What are the prime factors of c?
2, 5
Suppose 7*c + 178 = 9*c. What are the prime factors of c?
89
Let d(u) = 2*u**2 + 3*u + 6. List the prime factors of d(5).
71
Let l be ((-98)/8)/((-6)/(-24)). Let v = -29 - l. What are the prime factors of v?
2, 5
Suppose 3*v = b, 0*v - v + 5*b = -14. Let y = v - -13. What are the prime factors of y?
2, 3
Let n(p) = p**2 - 3*p + 2. Let a be n(4). Suppose a*w - 2*w = s + 35, -w + 4*s + 5 = 0. What are the prime factors of w?
3
Let r(n) = 10*n**3 + 3*n**2 - n - 1. What are the prime factors of r(1)?
11
Suppose -3*a - 10 = -5*a. Suppose 5*z = -p - 3, -a*p + z = -4*z - 105. What are the prime factors of p?
17
Let j = -31 + 69. Suppose 17 + j = 5*s. List the prime factors of s.
11
Let a(b) = -2*b - 3*b + 3 - 10. Let s be a(5). Let g = -22 - s. List the prime factors of g.
2, 5
Suppose -5*a = -3*a - 84. Suppose 2*c - a = -c. List the prime factors of c.
2, 7
Let x(c) be the third derivative of c**5/60 - 5*c**4/12 + 8*c**3/3 - 3*c**2. What are the prime factors of x(11)?
3
Let n(i) = -i**3 - i**2 + 3*i + 2. Let b = 8 + -11. Let j be n(b). Let f = j + -7. What are the prime factors of f?
2
Suppose -12 = -f - 5*z, 8 - 2 = 4*f - z. Suppose l + 28 = 5*l - 3*h, 5*h + 28 = f*l. List the prime factors of l.
2
Let f be 1*43 - (-1 - -3). Suppose -f = -2*s + 5*x, -2*s + 15 = -2*x - 17. What are the prime factors of s?
13
Suppose -2*d - 84 = -9*d. Suppose 72 = 2*b - d. List the prime factors of b.
2, 3, 7
Suppose 35 = -5*r + 5*w, -3*r + 2 + 5 = 4*w. Let q(s) = -7*s - 1. Let f be q(5). List the prime factors of f/(-2)*r/(-6).
3
Suppose 2*n - 54 = -0*n. What are the prime factors of n?
3
What are the prime factors of 3/(1 + (-51)/54)?
2, 3
Let v(y) = -7*y - 5. Let n be v(-6). Suppose 5*f - n = 4*f. What are the prime factors of f?
37
Let k(t) = -t**3 + t**2 + 16. Let g be k(0). Suppose 2*a + g - 96 = 0. What are the prime factors of a?
2, 5
Let n(p) = -2*p - 3. Let u be -12 + (-2 + -1)/(-3). Let r be u/4 - (-8)/(-32). What are the prime factors of n(r)?
3
Let a(q) = -q**3 + 20*q**2 + 16*q + 42. List the prime factors of a(20).
2, 181
Let q be (-1)/(-2 + (-3)/(-2)). What are the prime factors of (-96)/(-20) + q/10?
5
Suppose 5*o - 21 = 2*v, -5*o - 2*v = -6 - 3. What are the prime factors of (3 - (-3 + 7)) + o?
2
Let o(g) = -g**3 - 1. Let h(b) = -4*b**3 - 5*b**2 + 3*b - 7. Let r(f) = h(f) - 5*o(f). Let m be r(6). Suppose -2*z + 6*z = m. List the prime factors of z.
13
Suppose 4*t - 5*j + 8 = -0*t, 0 = j. What are the prime factors of 5*2*t/(-4)?
5
Suppose k = 6*k. Suppose 2*y - 1 - 7 = k. List the prime factors of y.
2
Let z = -2 + 2. Let h be 4/(-8)*z/1. Suppose 4*c - 28 - 8 = h. List the prime factors of c.
3
Let c(z) = 3*z**3 + 5 - 2*z**3 - 2*z**3 + 0*z**3 + 9*z + 6*z**2. What are the prime factors of c(7)?
19
Let q(z) = -3*z - 4*z + 4*z + 4*z + 10. List the prime factors of q(9).
19
Let m be -4 - -2 - 8 - -2. List the prime factors of 152/6 - m/(-24).
5
Let c = 5 - 2. Let m be ((-132)/(-20))/(1/5). Suppose m = c*o - 0*o. List the prime factors of o.
11
Let x = 16 - 14. Let c(l) = 9*l**2